29?
2
What is the units digit of 27930?
0
What is the thousands digit of 8982?
8
What is the tens digit of 467?
6
What is the units digit of 56696?
6
What is the thousands digit of 75201?
5
What is the units digit of 3910?
0
What is the hundreds digit of 554?
5
What is the units digit of 12283?
3
What is the units digit of 886?
6
What is the units digit of 7494?
4
What is the units digit of 1504?
4
What is the units digit of 4755?
5
What is the units digit of 7795?
5
What is the ten thousands digit of 44066?
4
What is the units digit of 22347?
7
What is the tens digit of 4033?
3
What is the tens digit of 9996?
9
What is the units digit of 35019?
9
What is the units digit of 699?
9
What is the tens digit of 12268?
6
What is the tens digit of 44991?
9
What is the hundreds digit of 387?
3
What is the thousands digit of 22569?
2
What is the units digit of 71?
1
What is the units digit of 57290?
0
What is the tens digit of 55954?
5
What is the ten thousands digit of 45738?
4
What is the units digit of 2649?
9
What is the hundreds digit of 381?
3
What is the hundreds digit of 392?
3
What is the ten thousands digit of 57823?
5
What is the hundreds digit of 2674?
6
What is the units digit of 60478?
8
What is the hundreds digit of 404?
4
What is the units digit of 8906?
6
What is the hundreds digit of 6161?
1
What is the hundreds digit of 1052?
0
What is the units digit of 1116?
6
What is the tens digit of 23386?
8
What is the hundreds digit of 2712?
7
What is the tens digit of 2341?
4
What is the units digit of 611?
1
What is the ten thousands digit of 93340?
9
What is the tens digit of 2881?
8
What is the hundreds digit of 14963?
9
What is the thousands digit of 2677?
2
What is the ten thousands digit of 46675?
4
What is the hundreds digit of 1000?
0
What is the tens digit of 4357?
5
What is the tens digit of 3683?
8
What is the tens digit of 2180?
8
What is the units digit of 766?
6
What is the thousands digit of 1272?
1
What is the thousands digit of 38851?
8
What is the thousands digit of 2327?
2
What is the tens digit of 66402?
0
What is the thousands digit of 112139?
2
What is the tens digit of 1861?
6
What is the hundreds digit of 8586?
5
What is the tens digit of 686?
8
What is the tens digit of 3794?
9
What is the ten thousands digit of 21421?
2
What is the thousands digit of 24891?
4
What is the tens digit of 1320?
2
What is the units digit of 22810?
0
What is the units digit of 3595?
5
What is the units digit of 81880?
0
What is the units digit of 18410?
0
What is the units digit of 80379?
9
What is the units digit of 1320?
0
What is the units digit of 337?
7
What is the hundreds digit of 18460?
4
What is the thousands digit of 1489?
1
What is the tens digit of 128881?
8
What is the hundreds digit of 45578?
5
What is the tens digit of 4383?
8
What is the hundreds digit of 3351?
3
What is the units digit of 1132?
2
What is the units digit of 1401?
1
What is the units digit of 6230?
0
What is the thousands digit of 4482?
4
What is the ten thousands digit of 28179?
2
What is the units digit of 22532?
2
What is the thousands digit of 1884?
1
What is the hundreds digit of 35738?
7
What is the tens digit of 76169?
6
What is the tens digit of 86591?
9
What is the units digit of 547?
7
What is the tens digit of 1291?
9
What is the thousands digit of 31660?
1
What is the thousands digit of 1110?
1
What is the thousands digit of 1524?
1
What is the hundreds digit of 1326?
3
What is the units digit of 4133?
3
What is the thousands digit of 3702?
3
What is the tens digit of 2895?
9
What is the tens digit of 434?
3
What is the tens digit of 314?
1
What is the thousands digit of 17197?
7
What is the units digit of 2099?
9
What is the thousands digit of 1685?
1
What is the tens digit of 112465?
6
What is the thousands digit of 1672?
1
What is the ten thousands digit of 75747?
7
What is the tens digit of 106479?
7
What is the tens digit of 3720?
2
What is the hundreds digit of 10586?
5
What is the hundreds digit of 7835?
8
What is the hundreds digit of 11019?
0
What is the tens digit of 3396?
9
What is the tens digit of 177?
7
What is the units digit of 3677?
7
What is the tens digit of 435?
3
What is the units digit of 13033?
3
What is the hundreds digit of 22388?
3
What is the units digit of 8594?
4
What is the hundreds digit of 26778?
7
What is the tens digit of 64455?
5
What is the units digit of 2978?
8
What is the hundreds digit of 401?
4
What is the units digit of 2513?
3
What is the tens digit of 601?
0
What is the hundreds digit of 982?
9
What is the tens digit of 8349?
4
What is the units digit of 6240?
0
What is the hundreds digit of 15839?
8
What is the hundreds digit of 2796?
7
What is the thousands digit of 6503?
6
What is the units digit of 866?
6
What is the units digit of 13464?
4
What is the hundreds digit of 13154?
1
What is the hundreds digit of 235?
2
What is the thousands digit of 24252?
4
What is the thousands digit of 11309?
1
What is the tens digit of 6995?
9
What is the hundreds digit of 852?
8
What is the tens digit of 196?
9
What is the units digit of 12999?
9
What is the thousands digit of 45264?
5
What is the thousands digit of 4258?
4
What is the tens digit of 12492?
9
What is the tens digit of 2912?
1
What is the units digit of 51108?
8
What is the hundreds digit of 3420?
4
What is the ten thousands digit of 46134?
4
What is the units digit of 667?
7
What is the ten thousands digit of 11422?
1
What is the thousands digit of 3746?
3
What is the tens digit of 12816?
1
What is the tens digit of 5715?
1
What is the units digit of 9922?
2
What is the hundreds digit of 1206?
2
What is the tens digit of 300?
0
What is the ten thousands digit of 116617?
1
What is the units digit of 9320?
0
What is the hundreds digit of 2773?
7
What is the ten thousands digit of 11083?
1
What is the hundreds digit of 9093?
0
What is the tens digit of 3485?
8
What is the hundred thousands digit of 156949?
1
What is the tens digit of 3276?
7
What is the tens digit of 24020?
2
What is the tens digit of 4063?
6
What is the tens digit of 12671?
7
What is the ten thousands digit of 18067?
1
What is the tens digit of 255?
5
What is the ten thousands digit of 75582?
7
What is the units digit of 3670?
0
What is the thousands digit of 29882?
9
What is the hundreds digit of 104249?
2
What is the tens digit of 1013?
1
What is the tens digit of 805?
0
What is the units digit of 255?
5
What is the tens digit of 560?
6
What is the tens digit of 12929?
2
What is the tens digit of 801?
0
What is the tens digit of 520?
2
What is the hundreds digit of 162?
1
What is the ten thousands digit of 30141?
3
What is the units digit of 2724?
4
What is the thousands digit of 1001?
1
What is the hundreds digit of 732?
7
What is the thousands digit of 10695?
0
What is the units digit of 1966?
6
What is the tens digit of 266?
6
What is the tens digit of 10711?
1
What is the units digit of 1579?
9
What is the thousands digit of 64263?
4
What is the ten thousands digit of 12426?
1
What is the hundreds digit of 913?
9
What is the tens digit of 12610?
1
What is the tens digit of 4365?
6
What is the hundreds digit of 843?
8
What is the hundreds digit of 17158?
1
What is the tens digit of 3228?
2
What is the units digit of 108?
8
What is the hundreds digit of 6925?
9
What is the units digit of 28?
8
What is the units digit of 44213?
3
What is the tens digit of 627?
2
What is the hundreds digit of 799?
7
What is the hundreds digit of 64318?
3
What is the tens digit of 11732?
3
What is the ten thousands digit of 15753?
1
What is the hundreds digit of 776?
7
What is the tens digit of 50493?
9
What is the tens digit of 3405?
0
What is the units digit of 294?
4
What is the units digit of 2086?
6
What is the units digit of 591?
1
What is the ten thousands digit of 10353?
1
What is the tens digit of 570?
7
What is the tens digit of 4426?
2
What is the units digit of 20225?
5
What is the tens digit of 49?
4
What is the units digit of 589?
9
What is the units digit of 3407?
7
What is the thousands digit of 1685?
1
What is the units digit of 11117?
7
What is the ten thousands digit of 85879?
8
What is the tens digit of 2919?
1
What is the units digit of 1090?
0
What is the thousands digit of